{"id":381,"date":"2018-08-05T17:10:42","date_gmt":"2018-08-05T17:10:42","guid":{"rendered":"http:\/\/puderfilosofi.se\/?page_id=381"},"modified":"2026-04-07T17:04:19","modified_gmt":"2026-04-07T17:04:19","slug":"filosofikafe","status":"publish","type":"page","link":"https:\/\/puderfilosofi.se\/?page_id=381","title":{"rendered":"Filosofikaf\u00e9"},"content":{"rendered":"<p>2018-2023 h\u00f6ll jag regelbundna filosofikaf\u00e9er p\u00e5 Aspuddens bibliotek (fysiskt p\u00e5 plats eller online) varje v\u00e5r och h\u00f6st (samarbete mellan Aspuddens bibliotek, ABF Stockholm och Svenska S\u00e4llskapet f\u00f6r Filosofisk Praxis).<\/p>\n<p>P\u00e5 V\u00e4rldsfilosofidagen den 23 november 2024 h\u00f6ll jag en workshop, <em>Rum och rumsligheter<\/em>, med kollage och samtal samt ett inledande tematiskt Objektspel.<\/p>\n<div id=\"attachment_385\" style=\"width: 439px\" class=\"wp-caption alignnone\"><img loading=\"lazy\" decoding=\"async\" aria-describedby=\"caption-attachment-385\" class=\"wp-image-385 size-full\" src=\"https:\/\/media.puderfilosofi.se\/2018\/08\/asa_a_omsorg_14_maj.jpg\" alt=\"\" width=\"429\" height=\"257\" srcset=\"https:\/\/media.puderfilosofi.se\/2018\/08\/asa_a_omsorg_14_maj.jpg 429w, https:\/\/media.puderfilosofi.se\/2018\/08\/asa_a_omsorg_14_maj-150x90.jpg 150w, https:\/\/media.puderfilosofi.se\/2018\/08\/asa_a_omsorg_14_maj-300x180.jpg 300w\" sizes=\"auto, (max-width: 429px) 100vw, 429px\" \/><p id=\"caption-attachment-385\" class=\"wp-caption-text\">\u00c5sa Andersson<\/p><\/div>\n<p>Teman som tagits upp p\u00e5 mina filosofikaf\u00e9er: Gulliga djur?, Medm\u00e4nsklighet, Luftslott, Paradiset, Folktro, Samvetets v\u00e4rld, F\u00f6rst\u00e5else, Att v\u00e4lja, Filosofiskt liv, Det perfekta och icke-perfekta, Ljus och m\u00f6rker, Fredliga f\u00f6rh\u00e5llanden, N\u00e4rhet och distans, F\u00f6r\u00e4ndring, Din plats p\u00e5 jorden, Rum, Ansvar, H\u00e5llbarhet, Aktivism, F\u00f6rhandla, Svarta h\u00e5l, Tillit, Tradition, F\u00f6rvandling, Livstid, G\u00e5tor, Maktens uttryck, Att g\u00e5 i egna tankar.<\/p>\n<p>Fr\u00e5n v\u00e5ren 2026 f\u00e5r jag m\u00f6jlighet att kalla mig Filosofisk Praktiker. L\u00e4s mer h\u00e4r (v\u00e4lj Kalmar): <a href=\"https:\/\/ssfp.se\/filosofiska-praktiker\/\">https:\/\/ssfp.se\/filosofiska-praktiker\/<\/a><\/p>\n<p>L\u00e4nk till <a href=\"https:\/\/www.filosofiskpraxis.org\">SSFP<\/a><\/p>\n\n\n<p><\/p>\n","protected":false},"excerpt":{"rendered":"<p>2018-2023 h\u00f6ll jag regelbundna filosofikaf\u00e9er p\u00e5 Aspuddens bibliotek (fysiskt p\u00e5 plats eller online) varje v\u00e5r och h\u00f6st (samarbete mellan Aspuddens bibliotek, ABF Stockholm och Svenska S\u00e4llskapet f\u00f6r Filosofisk Praxis). P\u00e5 V\u00e4rldsfilosofidagen den 23 november 2024 h\u00f6ll jag en workshop, Rum och rumsligheter, med kollage och samtal samt ett inledande tematiskt Objektspel. Teman som tagits upp&#8230;<\/p>\n","protected":false},"author":1,"featured_media":0,"parent":0,"menu_order":0,"comment_status":"closed","ping_status":"closed","template":"","meta":{"footnotes":""},"class_list":["post-381","page","type-page","status-publish","hentry"],"_links":{"self":[{"href":"https:\/\/puderfilosofi.se\/index.php?rest_route=\/wp\/v2\/pages\/381","targetHints":{"allow":["GET"]}}],"collection":[{"href":"https:\/\/puderfilosofi.se\/index.php?rest_route=\/wp\/v2\/pages"}],"about":[{"href":"https:\/\/puderfilosofi.se\/index.php?rest_route=\/wp\/v2\/types\/page"}],"author":[{"embeddable":true,"href":"https:\/\/puderfilosofi.se\/index.php?rest_route=\/wp\/v2\/users\/1"}],"replies":[{"embeddable":true,"href":"https:\/\/puderfilosofi.se\/index.php?rest_route=%2Fwp%2Fv2%2Fcomments&post=381"}],"version-history":[{"count":22,"href":"https:\/\/puderfilosofi.se\/index.php?rest_route=\/wp\/v2\/pages\/381\/revisions"}],"predecessor-version":[{"id":1507,"href":"https:\/\/puderfilosofi.se\/index.php?rest_route=\/wp\/v2\/pages\/381\/revisions\/1507"}],"wp:attachment":[{"href":"https:\/\/puderfilosofi.se\/index.php?rest_route=%2Fwp%2Fv2%2Fmedia&parent=381"}],"curies":[{"name":"wp","href":"https:\/\/api.w.org\/{rel}","templated":true}]}}

Filosofikafé

<p>2018-2023 höll jag regelbundna filosofikaféer på Aspuddens bibliotek (fysiskt på plats eller online) varje vår och höst (samarbete mellan Aspuddens bibliotek, ABF Stockholm och Svenska Sällskapet för Filosofisk Praxis).</p>
<p>På Världsfilosofidagen den 23 november 2024 höll jag en workshop, <em>Rum och rumsligheter</em>, med kollage och samtal samt ett inledande tematiskt Objektspel.</p>
<div id="attachment_385" style="width: 439px" class="wp-caption alignnone"><img loading="lazy" decoding="async" aria-describedby="caption-attachment-385" class="wp-image-385 size-full" src="https://media.puderfilosofi.se/2018/08/asa_a_omsorg_14_maj.jpg" alt="" width="429" height="257" srcset="https://media.puderfilosofi.se/2018/08/asa_a_omsorg_14_maj.jpg 429w, https://media.puderfilosofi.se/2018/08/asa_a_omsorg_14_maj-150x90.jpg 150w, https://media.puderfilosofi.se/2018/08/asa_a_omsorg_14_maj-300x180.jpg 300w" sizes="auto, (max-width: 429px) 100vw, 429px" /><p id="caption-attachment-385" class="wp-caption-text">Åsa Andersson</p></div>
<p>Teman som tagits upp på mina filosofikaféer: Gulliga djur?, Medmänsklighet, Luftslott, Paradiset, Folktro, Samvetets värld, Förståelse, Att välja, Filosofiskt liv, Det perfekta och icke-perfekta, Ljus och mörker, Fredliga förhållanden, Närhet och distans, Förändring, Din plats på jorden, Rum, Ansvar, Hållbarhet, Aktivism, Förhandla, Svarta hål, Tillit, Tradition, Förvandling, Livstid, Gåtor, Maktens uttryck, Att gå i egna tankar.</p>
<p>Från våren 2026 får jag möjlighet att kalla mig Filosofisk Praktiker. Läs mer här (välj Kalmar): <a href="https://ssfp.se/filosofiska-praktiker/">https://ssfp.se/filosofiska-praktiker/</a></p>
<p>Länk till <a href="https://www.filosofiskpraxis.org">SSFP</a></p>


<p></p>

<p>2018-2023 höll jag regelbundna filosofikaféer på Aspuddens bibliotek (fysiskt på plats eller online) varje vår och höst (samarbete mellan Aspuddens bibliotek, ABF Stockholm och Svenska Sällskapet för Filosofisk Praxis). På Världsfilosofidagen den 23 november 2024 höll jag en workshop, Rum och rumsligheter, med kollage och samtal samt ett inledande tematiskt Objektspel. Teman som tagits upp&#8230;</p>
