{"id":270,"date":"2017-10-08T20:20:47","date_gmt":"2017-10-08T20:20:47","guid":{"rendered":"http:\/\/puderfilosofi.se\/?page_id=270"},"modified":"2025-07-15T14:47:39","modified_gmt":"2025-07-15T14:47:39","slug":"objekt","status":"publish","type":"page","link":"https:\/\/puderfilosofi.se\/?page_id=270","title":{"rendered":"Rum"},"content":{"rendered":"\n<div class=\"wp-block-columns is-layout-flex wp-container-core-columns-is-layout-9d6595d7 wp-block-columns-is-layout-flex\">\n<div class=\"wp-block-column is-layout-flow wp-block-column-is-layout-flow\" style=\"flex-basis:100%\">\n<div class=\"wp-block-columns is-layout-flex wp-container-core-columns-is-layout-9d6595d7 wp-block-columns-is-layout-flex\">\n<div class=\"wp-block-column is-layout-flow wp-block-column-is-layout-flow\" style=\"flex-basis:100%\">\n<div class=\"wp-block-columns is-layout-flex wp-container-core-columns-is-layout-9d6595d7 wp-block-columns-is-layout-flex\">\n<div class=\"wp-block-column is-layout-flow wp-block-column-is-layout-flow\" style=\"flex-basis:100%\">\n<div class=\"wp-block-group\"><div class=\"wp-block-group__inner-container is-layout-flow wp-block-group-is-layout-flow\">\n<figure class=\"wp-block-image size-large\"><img loading=\"lazy\" decoding=\"async\" width=\"1024\" height=\"768\" src=\"https:\/\/media.puderfilosofi.se\/2021\/12\/1-Overview-Molnsinne-27-nov-2021-1024x768.jpg\" alt=\"\" class=\"wp-image-1012\" srcset=\"https:\/\/media.puderfilosofi.se\/2021\/12\/1-Overview-Molnsinne-27-nov-2021-1024x768.jpg 1024w, https:\/\/media.puderfilosofi.se\/2021\/12\/1-Overview-Molnsinne-27-nov-2021-300x225.jpg 300w, https:\/\/media.puderfilosofi.se\/2021\/12\/1-Overview-Molnsinne-27-nov-2021-150x113.jpg 150w, https:\/\/media.puderfilosofi.se\/2021\/12\/1-Overview-Molnsinne-27-nov-2021-768x576.jpg 768w, https:\/\/media.puderfilosofi.se\/2021\/12\/1-Overview-Molnsinne-27-nov-2021-1536x1152.jpg 1536w, https:\/\/media.puderfilosofi.se\/2021\/12\/1-Overview-Molnsinne-27-nov-2021-2048x1536.jpg 2048w\" sizes=\"auto, (max-width: 1024px) 100vw, 1024px\" \/><figcaption class=\"wp-element-caption\">\u00c5sa Andersson <em>Molnsinne<\/em> butik, Verkstad konsthall Norrk\u00f6ping 2021<\/figcaption><\/figure>\n\n\n\n<p>Min byggda milj\u00f6 <em>Molnsinne<\/em>, var ett experimentellt konstn\u00e4rligt butiksprojekt p\u00e5 Verkstad konsthall i Norrk\u00f6ping, mellan 27 november 2021-29 januari 2022. Totalt deltog 16 konstn\u00e4rliga ut\u00f6vare med verk skapade p\u00e5 tema moln. \u00c5sa Andersson, Miro Burman, Elizabet Christiansson, \u00c5sa Elmstam, Ulla Fredriksson, Kajsa G Eriksson, Anders Gudmundsson, Anx Kupiainen, Kristin Larsson, Britt-Marie Ohlsson, Elisabeth Ottebring, Eva Sk\u00e4rlund, Sonja Str\u00f6mkvist, Hlif Thorisdottir, Desire\u00e9 Urga, Sarah Wallgren Sarita.<\/p>\n\n\n\n<p><a href=\"https:\/\/media.puderfilosofi.se\/2021\/12\/Molnsinne_pfd_01_webb.pdf\">L\u00e4nk till publikationen &#8221;Molnsinne&#8221; som inneh\u00e5ller processanteckningar<\/a><\/p>\n\n\n\n<figure class=\"wp-block-image size-large\"><img loading=\"lazy\" decoding=\"async\" width=\"760\" height=\"1024\" src=\"https:\/\/media.puderfilosofi.se\/2021\/12\/3-Overview-Molnsinne-27-nov-2021-1-760x1024.jpg\" alt=\"\" class=\"wp-image-1030\" srcset=\"https:\/\/media.puderfilosofi.se\/2021\/12\/3-Overview-Molnsinne-27-nov-2021-1-760x1024.jpg 760w, https:\/\/media.puderfilosofi.se\/2021\/12\/3-Overview-Molnsinne-27-nov-2021-1-223x300.jpg 223w, https:\/\/media.puderfilosofi.se\/2021\/12\/3-Overview-Molnsinne-27-nov-2021-1-111x150.jpg 111w, https:\/\/media.puderfilosofi.se\/2021\/12\/3-Overview-Molnsinne-27-nov-2021-1-768x1034.jpg 768w, https:\/\/media.puderfilosofi.se\/2021\/12\/3-Overview-Molnsinne-27-nov-2021-1-1141x1536.jpg 1141w, https:\/\/media.puderfilosofi.se\/2021\/12\/3-Overview-Molnsinne-27-nov-2021-1-1521x2048.jpg 1521w, https:\/\/media.puderfilosofi.se\/2021\/12\/3-Overview-Molnsinne-27-nov-2021-1-scaled.jpg 1901w\" sizes=\"auto, (max-width: 760px) 100vw, 760px\" \/><figcaption class=\"wp-element-caption\"><meta charset=\"utf-8\"><\/meta>\u00c5sa Andersson, <em>Molnsinne<\/em> butik, Verkstad konsthall Norrk\u00f6ping 2021<\/figcaption><\/figure>\n<\/div><\/div>\n<\/div>\n<\/div>\n<\/div>\n<\/div>\n<\/div>\n<\/div>\n\n\n\n<figure class=\"wp-block-gallery has-nested-images columns-default is-cropped wp-block-gallery-1 is-layout-flex wp-block-gallery-is-layout-flex\">\n<figure class=\"wp-block-image size-large\"><img loading=\"lazy\" decoding=\"async\" width=\"683\" height=\"1024\" data-id=\"929\" src=\"https:\/\/media.puderfilosofi.se\/2021\/08\/KB21016_Kina_A\u030asa_-13-683x1024.jpg\" alt=\"\" class=\"wp-image-929\" srcset=\"https:\/\/media.puderfilosofi.se\/2021\/08\/KB21016_Kina_A\u030asa_-13-683x1024.jpg 683w, https:\/\/media.puderfilosofi.se\/2021\/08\/KB21016_Kina_A\u030asa_-13-200x300.jpg 200w, https:\/\/media.puderfilosofi.se\/2021\/08\/KB21016_Kina_A\u030asa_-13-100x150.jpg 100w, https:\/\/media.puderfilosofi.se\/2021\/08\/KB21016_Kina_A\u030asa_-13-768x1152.jpg 768w, https:\/\/media.puderfilosofi.se\/2021\/08\/KB21016_Kina_A\u030asa_-13.jpg 899w\" sizes=\"auto, (max-width: 683px) 100vw, 683px\" \/><\/figure>\n<\/figure>\n\n\n\n<p>\u00c5sa Andersson <em>Lyktbrunn<\/em>, Kina slott, biblioteket, 2021. Foto: Karin Bj\u00f6rkquist<\/p>\n\n\n\n<figure class=\"wp-block-image size-large is-resized\"><img loading=\"lazy\" decoding=\"async\" width=\"1024\" height=\"683\" src=\"https:\/\/media.puderfilosofi.se\/2021\/08\/KB21016_Kina_A\u030asa_-6-1024x683.jpg\" alt=\"\" class=\"wp-image-932\" srcset=\"https:\/\/media.puderfilosofi.se\/2021\/08\/KB21016_Kina_A\u030asa_-6-1024x683.jpg 1024w, https:\/\/media.puderfilosofi.se\/2021\/08\/KB21016_Kina_A\u030asa_-6-300x200.jpg 300w, https:\/\/media.puderfilosofi.se\/2021\/08\/KB21016_Kina_A\u030asa_-6-150x100.jpg 150w, https:\/\/media.puderfilosofi.se\/2021\/08\/KB21016_Kina_A\u030asa_-6-768x512.jpg 768w, https:\/\/media.puderfilosofi.se\/2021\/08\/KB21016_Kina_A\u030asa_-6.jpg 1348w\" sizes=\"auto, (max-width: 1024px) 100vw, 1024px\" \/><figcaption class=\"wp-element-caption\"><meta charset=\"utf-8\"><\/meta>\u00c5sa Andersson <em>Lyktbrunn<\/em>, Kina slott, biblioteket, 2021. Foto: Karin Bj\u00f6rkquist<\/figcaption><\/figure>\n\n\n\n<div data-wp-interactive=\"core\/file\" class=\"wp-block-file\"><object data-wp-bind--hidden=\"!state.hasPdfPreview\" hidden class=\"wp-block-file__embed\" data=\"https:\/\/media.puderfilosofi.se\/2021\/08\/RLC_kina_slott_katalog_TT_webb.pdf\" type=\"application\/pdf\" style=\"width:100%;height:600px\" aria-label=\"Inb\u00e4ddning av RLC_kina_slott_katalog_TT_webb.\"><\/object><a id=\"wp-block-file--media-592dbf72-9490-47b8-bbe4-709a81b83c06\" href=\"https:\/\/media.puderfilosofi.se\/2021\/08\/RLC_kina_slott_katalog_TT_webb.pdf\">RLC_kina_slott_katalog_TT_webb<\/a><a href=\"https:\/\/media.puderfilosofi.se\/2021\/08\/RLC_kina_slott_katalog_TT_webb.pdf\" class=\"wp-block-file__button wp-element-button\" download aria-describedby=\"wp-block-file--media-592dbf72-9490-47b8-bbe4-709a81b83c06\">Ladda ner<\/a><\/div>\n\n\n\n<figure class=\"wp-block-gallery has-nested-images columns-default is-cropped wp-block-gallery-2 is-layout-flex wp-block-gallery-is-layout-flex\"><\/figure>\n\n\n\n<h3 class=\"wp-block-heading\"><strong>H\u00e4lsning till tv\u00e5 aff\u00e4rer<\/strong><\/h3>\n\n\n\n<p>Den 7 augusti 2020 utf\u00f6rde jag en skyltf\u00f6nster-m\u00e5lning p\u00e5 Kaggensgatan i Kalmar, p\u00e5 initiativ av Kalmar kommun\/Kalmar City. Motivet \u00e4r en h\u00e4lsning till tv\u00e5 aff\u00e4rer som fanns p\u00e5 samma gata n\u00e4r jag var barn: Signe Kullzens Pappershandel och Kalmar Skeppshandel.<\/p>\n\n\n\n<figure class=\"wp-block-image size-medium is-resized\"><img loading=\"lazy\" decoding=\"async\" width=\"300\" height=\"225\" src=\"https:\/\/media.puderfilosofi.se\/2020\/08\/Skyltfo\u0308nster-Kalmar-7-aug-2020-300x225.jpg\" alt=\"\u00c5sa Andersson 2020\" class=\"wp-image-817\" style=\"width:410px;height:auto\" srcset=\"https:\/\/media.puderfilosofi.se\/2020\/08\/Skyltfo\u0308nster-Kalmar-7-aug-2020-300x225.jpg 300w, https:\/\/media.puderfilosofi.se\/2020\/08\/Skyltfo\u0308nster-Kalmar-7-aug-2020-150x113.jpg 150w, https:\/\/media.puderfilosofi.se\/2020\/08\/Skyltfo\u0308nster-Kalmar-7-aug-2020-768x576.jpg 768w, https:\/\/media.puderfilosofi.se\/2020\/08\/Skyltfo\u0308nster-Kalmar-7-aug-2020-1024x768.jpg 1024w, https:\/\/media.puderfilosofi.se\/2020\/08\/Skyltfo\u0308nster-Kalmar-7-aug-2020.jpg 1772w\" sizes=\"auto, (max-width: 300px) 100vw, 300px\" \/><\/figure>\n\n\n\n<figure class=\"wp-block-gallery has-nested-images columns-default is-cropped wp-block-gallery-3 is-layout-flex wp-block-gallery-is-layout-flex\"><\/figure>\n\n\n\n<figure class=\"wp-block-gallery has-nested-images columns-default is-cropped wp-block-gallery-4 is-layout-flex wp-block-gallery-is-layout-flex\"><\/figure>\n\n\n\n<p><\/p>\n","protected":false},"excerpt":{"rendered":"<p>Min byggda milj\u00f6 Molnsinne, var ett experimentellt konstn\u00e4rligt butiksprojekt p\u00e5 Verkstad konsthall i Norrk\u00f6ping, mellan 27 november 2021-29 januari 2022. Totalt deltog 16 konstn\u00e4rliga ut\u00f6vare med verk skapade p\u00e5 tema moln. \u00c5sa Andersson, Miro Burman, Elizabet Christiansson, \u00c5sa Elmstam, Ulla Fredriksson, Kajsa G Eriksson, Anders Gudmundsson, Anx Kupiainen, Kristin Larsson, Britt-Marie Ohlsson, Elisabeth Ottebring, Eva&#8230;<\/p>\n","protected":false},"author":1,"featured_media":0,"parent":133,"menu_order":0,"comment_status":"closed","ping_status":"closed","template":"","meta":{"footnotes":""},"class_list":["post-270","page","type-page","status-publish","hentry"],"_links":{"self":[{"href":"https:\/\/puderfilosofi.se\/index.php?rest_route=\/wp\/v2\/pages\/270","targetHints":{"allow":["GET"]}}],"collection":[{"href":"https:\/\/puderfilosofi.se\/index.php?rest_route=\/wp\/v2\/pages"}],"about":[{"href":"https:\/\/puderfilosofi.se\/index.php?rest_route=\/wp\/v2\/types\/page"}],"author":[{"embeddable":true,"href":"https:\/\/puderfilosofi.se\/index.php?rest_route=\/wp\/v2\/users\/1"}],"replies":[{"embeddable":true,"href":"https:\/\/puderfilosofi.se\/index.php?rest_route=%2Fwp%2Fv2%2Fcomments&post=270"}],"version-history":[{"count":63,"href":"https:\/\/puderfilosofi.se\/index.php?rest_route=\/wp\/v2\/pages\/270\/revisions"}],"predecessor-version":[{"id":1455,"href":"https:\/\/puderfilosofi.se\/index.php?rest_route=\/wp\/v2\/pages\/270\/revisions\/1455"}],"up":[{"embeddable":true,"href":"https:\/\/puderfilosofi.se\/index.php?rest_route=\/wp\/v2\/pages\/133"}],"wp:attachment":[{"href":"https:\/\/puderfilosofi.se\/index.php?rest_route=%2Fwp%2Fv2%2Fmedia&parent=270"}],"curies":[{"name":"wp","href":"https:\/\/api.w.org\/{rel}","templated":true}]}}

<div class="wp-block-columns is-layout-flex wp-container-core-columns-is-layout-9d6595d7 wp-block-columns-is-layout-flex">
<div class="wp-block-column is-layout-flow wp-block-column-is-layout-flow" style="flex-basis:100%">
<div class="wp-block-columns is-layout-flex wp-container-core-columns-is-layout-9d6595d7 wp-block-columns-is-layout-flex">
<div class="wp-block-column is-layout-flow wp-block-column-is-layout-flow" style="flex-basis:100%">
<div class="wp-block-columns is-layout-flex wp-container-core-columns-is-layout-9d6595d7 wp-block-columns-is-layout-flex">
<div class="wp-block-column is-layout-flow wp-block-column-is-layout-flow" style="flex-basis:100%">
<div class="wp-block-group"><div class="wp-block-group__inner-container is-layout-flow wp-block-group-is-layout-flow">
<figure class="wp-block-image size-large"><img loading="lazy" decoding="async" width="1024" height="768" src="https://media.puderfilosofi.se/2021/12/1-Overview-Molnsinne-27-nov-2021-1024x768.jpg" alt="" class="wp-image-1012" srcset="https://media.puderfilosofi.se/2021/12/1-Overview-Molnsinne-27-nov-2021-1024x768.jpg 1024w, https://media.puderfilosofi.se/2021/12/1-Overview-Molnsinne-27-nov-2021-300x225.jpg 300w, https://media.puderfilosofi.se/2021/12/1-Overview-Molnsinne-27-nov-2021-150x113.jpg 150w, https://media.puderfilosofi.se/2021/12/1-Overview-Molnsinne-27-nov-2021-768x576.jpg 768w, https://media.puderfilosofi.se/2021/12/1-Overview-Molnsinne-27-nov-2021-1536x1152.jpg 1536w, https://media.puderfilosofi.se/2021/12/1-Overview-Molnsinne-27-nov-2021-2048x1536.jpg 2048w" sizes="auto, (max-width: 1024px) 100vw, 1024px" /><figcaption class="wp-element-caption">Åsa Andersson <em>Molnsinne</em> butik, Verkstad konsthall Norrköping 2021</figcaption></figure>



<p>Min byggda miljö <em>Molnsinne</em>, var ett experimentellt konstnärligt butiksprojekt på Verkstad konsthall i Norrköping, mellan 27 november 2021-29 januari 2022. Totalt deltog 16 konstnärliga utövare med verk skapade på tema moln. Åsa Andersson, Miro Burman, Elizabet Christiansson, Åsa Elmstam, Ulla Fredriksson, Kajsa G Eriksson, Anders Gudmundsson, Anx Kupiainen, Kristin Larsson, Britt-Marie Ohlsson, Elisabeth Ottebring, Eva Skärlund, Sonja Strömkvist, Hlif Thorisdottir, Desireé Urga, Sarah Wallgren Sarita.</p>



<p><a href="https://media.puderfilosofi.se/2021/12/Molnsinne_pfd_01_webb.pdf">Länk till publikationen &#8221;Molnsinne&#8221; som innehåller processanteckningar</a></p>



<figure class="wp-block-image size-large"><img loading="lazy" decoding="async" width="760" height="1024" src="https://media.puderfilosofi.se/2021/12/3-Overview-Molnsinne-27-nov-2021-1-760x1024.jpg" alt="" class="wp-image-1030" srcset="https://media.puderfilosofi.se/2021/12/3-Overview-Molnsinne-27-nov-2021-1-760x1024.jpg 760w, https://media.puderfilosofi.se/2021/12/3-Overview-Molnsinne-27-nov-2021-1-223x300.jpg 223w, https://media.puderfilosofi.se/2021/12/3-Overview-Molnsinne-27-nov-2021-1-111x150.jpg 111w, https://media.puderfilosofi.se/2021/12/3-Overview-Molnsinne-27-nov-2021-1-768x1034.jpg 768w, https://media.puderfilosofi.se/2021/12/3-Overview-Molnsinne-27-nov-2021-1-1141x1536.jpg 1141w, https://media.puderfilosofi.se/2021/12/3-Overview-Molnsinne-27-nov-2021-1-1521x2048.jpg 1521w, https://media.puderfilosofi.se/2021/12/3-Overview-Molnsinne-27-nov-2021-1-scaled.jpg 1901w" sizes="auto, (max-width: 760px) 100vw, 760px" /><figcaption class="wp-element-caption"><meta charset="utf-8"></meta>Åsa Andersson, <em>Molnsinne</em> butik, Verkstad konsthall Norrköping 2021</figcaption></figure>
</div></div>
</div>
</div>
</div>
</div>
</div>
</div>



<figure class="wp-block-gallery has-nested-images columns-default is-cropped wp-block-gallery-1 is-layout-flex wp-block-gallery-is-layout-flex">
<figure class="wp-block-image size-large"><img loading="lazy" decoding="async" width="683" height="1024" data-id="929" src="https://media.puderfilosofi.se/2021/08/KB21016_Kina_Åsa_-13-683x1024.jpg" alt="" class="wp-image-929" srcset="https://media.puderfilosofi.se/2021/08/KB21016_Kina_Åsa_-13-683x1024.jpg 683w, https://media.puderfilosofi.se/2021/08/KB21016_Kina_Åsa_-13-200x300.jpg 200w, https://media.puderfilosofi.se/2021/08/KB21016_Kina_Åsa_-13-100x150.jpg 100w, https://media.puderfilosofi.se/2021/08/KB21016_Kina_Åsa_-13-768x1152.jpg 768w, https://media.puderfilosofi.se/2021/08/KB21016_Kina_Åsa_-13.jpg 899w" sizes="auto, (max-width: 683px) 100vw, 683px" /></figure>
</figure>



<p>Åsa Andersson <em>Lyktbrunn</em>, Kina slott, biblioteket, 2021. Foto: Karin Björkquist</p>



<figure class="wp-block-image size-large is-resized"><img loading="lazy" decoding="async" width="1024" height="683" src="https://media.puderfilosofi.se/2021/08/KB21016_Kina_Åsa_-6-1024x683.jpg" alt="" class="wp-image-932" srcset="https://media.puderfilosofi.se/2021/08/KB21016_Kina_Åsa_-6-1024x683.jpg 1024w, https://media.puderfilosofi.se/2021/08/KB21016_Kina_Åsa_-6-300x200.jpg 300w, https://media.puderfilosofi.se/2021/08/KB21016_Kina_Åsa_-6-150x100.jpg 150w, https://media.puderfilosofi.se/2021/08/KB21016_Kina_Åsa_-6-768x512.jpg 768w, https://media.puderfilosofi.se/2021/08/KB21016_Kina_Åsa_-6.jpg 1348w" sizes="auto, (max-width: 1024px) 100vw, 1024px" /><figcaption class="wp-element-caption"><meta charset="utf-8"></meta>Åsa Andersson <em>Lyktbrunn</em>, Kina slott, biblioteket, 2021. Foto: Karin Björkquist</figcaption></figure>



<div data-wp-interactive="core/file" class="wp-block-file"><object data-wp-bind--hidden="!state.hasPdfPreview" hidden class="wp-block-file__embed" data="https://media.puderfilosofi.se/2021/08/RLC_kina_slott_katalog_TT_webb.pdf" type="application/pdf" style="width:100%;height:600px" aria-label="Inbäddning av RLC_kina_slott_katalog_TT_webb."></object><a id="wp-block-file--media-592dbf72-9490-47b8-bbe4-709a81b83c06" href="https://media.puderfilosofi.se/2021/08/RLC_kina_slott_katalog_TT_webb.pdf">RLC_kina_slott_katalog_TT_webb</a><a href="https://media.puderfilosofi.se/2021/08/RLC_kina_slott_katalog_TT_webb.pdf" class="wp-block-file__button wp-element-button" download aria-describedby="wp-block-file--media-592dbf72-9490-47b8-bbe4-709a81b83c06">Ladda ner</a></div>



<figure class="wp-block-gallery has-nested-images columns-default is-cropped wp-block-gallery-2 is-layout-flex wp-block-gallery-is-layout-flex"></figure>



<h3 class="wp-block-heading"><strong>Hälsning till två affärer</strong></h3>



<p>Den 7 augusti 2020 utförde jag en skyltfönster-målning på Kaggensgatan i Kalmar, på initiativ av Kalmar kommun/Kalmar City. Motivet är en hälsning till två affärer som fanns på samma gata när jag var barn: Signe Kullzens Pappershandel och Kalmar Skeppshandel.</p>



<figure class="wp-block-image size-medium is-resized"><img loading="lazy" decoding="async" width="300" height="225" src="https://media.puderfilosofi.se/2020/08/Skyltfönster-Kalmar-7-aug-2020-300x225.jpg" alt="Åsa Andersson 2020" class="wp-image-817" style="width:410px;height:auto" srcset="https://media.puderfilosofi.se/2020/08/Skyltfönster-Kalmar-7-aug-2020-300x225.jpg 300w, https://media.puderfilosofi.se/2020/08/Skyltfönster-Kalmar-7-aug-2020-150x113.jpg 150w, https://media.puderfilosofi.se/2020/08/Skyltfönster-Kalmar-7-aug-2020-768x576.jpg 768w, https://media.puderfilosofi.se/2020/08/Skyltfönster-Kalmar-7-aug-2020-1024x768.jpg 1024w, https://media.puderfilosofi.se/2020/08/Skyltfönster-Kalmar-7-aug-2020.jpg 1772w" sizes="auto, (max-width: 300px) 100vw, 300px" /></figure>



<figure class="wp-block-gallery has-nested-images columns-default is-cropped wp-block-gallery-3 is-layout-flex wp-block-gallery-is-layout-flex"></figure>



<figure class="wp-block-gallery has-nested-images columns-default is-cropped wp-block-gallery-4 is-layout-flex wp-block-gallery-is-layout-flex"></figure>



<p></p>

<p>Min byggda miljö Molnsinne, var ett experimentellt konstnärligt butiksprojekt på Verkstad konsthall i Norrköping, mellan 27 november 2021-29 januari 2022. Totalt deltog 16 konstnärliga utövare med verk skapade på tema moln. Åsa Andersson, Miro Burman, Elizabet Christiansson, Åsa Elmstam, Ulla Fredriksson, Kajsa G Eriksson, Anders Gudmundsson, Anx Kupiainen, Kristin Larsson, Britt-Marie Ohlsson, Elisabeth Ottebring, Eva&#8230;</p>
