{"id":1274,"date":"2023-11-18T20:00:13","date_gmt":"2023-11-18T20:00:13","guid":{"rendered":"https:\/\/puderfilosofi.se\/?page_id=1274"},"modified":"2025-12-29T07:59:51","modified_gmt":"2025-12-29T07:59:51","slug":"trolleri","status":"publish","type":"page","link":"https:\/\/puderfilosofi.se\/?page_id=1274","title":{"rendered":"Objektspel"},"content":{"rendered":"\n<p>Jag utvecklar Objektspel som \u00e4r en performativ akt med poesi, objekt och magiska inslag. Objektspelen utvecklas med platsrelaterad tematik inf\u00f6r en mindre publik. <\/p>\n\n\n\n<p>Nedan en bild fr\u00e5n min performance (ca 11 min) st\u00e5ende i ett badkar under h\u00e4ndelsen V\u00e4ggen som organiserades av Anna Nyberg och Annica \u00c5berg i Stockholm den 22 mars 2025. <\/p>\n\n\n\n<figure class=\"wp-block-image size-large\"><img loading=\"lazy\" decoding=\"async\" width=\"771\" height=\"1024\" src=\"https:\/\/media.puderfilosofi.se\/2025\/03\/Asa-Andersson-Objektspel-22-mars-2025-771x1024.jpeg\" alt=\"\" class=\"wp-image-1398\" srcset=\"https:\/\/media.puderfilosofi.se\/2025\/03\/Asa-Andersson-Objektspel-22-mars-2025-771x1024.jpeg 771w, https:\/\/media.puderfilosofi.se\/2025\/03\/Asa-Andersson-Objektspel-22-mars-2025-226x300.jpeg 226w, https:\/\/media.puderfilosofi.se\/2025\/03\/Asa-Andersson-Objektspel-22-mars-2025-113x150.jpeg 113w, https:\/\/media.puderfilosofi.se\/2025\/03\/Asa-Andersson-Objektspel-22-mars-2025-768x1020.jpeg 768w, https:\/\/media.puderfilosofi.se\/2025\/03\/Asa-Andersson-Objektspel-22-mars-2025-1157x1536.jpeg 1157w, https:\/\/media.puderfilosofi.se\/2025\/03\/Asa-Andersson-Objektspel-22-mars-2025-1542x2048.jpeg 1542w, https:\/\/media.puderfilosofi.se\/2025\/03\/Asa-Andersson-Objektspel-22-mars-2025-scaled.jpeg 1928w\" sizes=\"auto, (max-width: 771px) 100vw, 771px\" \/><\/figure>\n\n\n\n<p>Foto: Anna Nyberg.<\/p>\n","protected":false},"excerpt":{"rendered":"<p>Jag utvecklar Objektspel som \u00e4r en performativ akt med poesi, objekt och magiska inslag. Objektspelen utvecklas med platsrelaterad tematik inf\u00f6r en mindre publik. Nedan en bild fr\u00e5n min performance (ca 11 min) st\u00e5ende i ett badkar under h\u00e4ndelsen V\u00e4ggen som organiserades av Anna Nyberg och Annica \u00c5berg i Stockholm den 22 mars 2025. Foto: Anna&#8230;<\/p>\n","protected":false},"author":1,"featured_media":0,"parent":0,"menu_order":0,"comment_status":"closed","ping_status":"closed","template":"","meta":{"footnotes":""},"class_list":["post-1274","page","type-page","status-publish","hentry"],"_links":{"self":[{"href":"https:\/\/puderfilosofi.se\/index.php?rest_route=\/wp\/v2\/pages\/1274","targetHints":{"allow":["GET"]}}],"collection":[{"href":"https:\/\/puderfilosofi.se\/index.php?rest_route=\/wp\/v2\/pages"}],"about":[{"href":"https:\/\/puderfilosofi.se\/index.php?rest_route=\/wp\/v2\/types\/page"}],"author":[{"embeddable":true,"href":"https:\/\/puderfilosofi.se\/index.php?rest_route=\/wp\/v2\/users\/1"}],"replies":[{"embeddable":true,"href":"https:\/\/puderfilosofi.se\/index.php?rest_route=%2Fwp%2Fv2%2Fcomments&post=1274"}],"version-history":[{"count":15,"href":"https:\/\/puderfilosofi.se\/index.php?rest_route=\/wp\/v2\/pages\/1274\/revisions"}],"predecessor-version":[{"id":1481,"href":"https:\/\/puderfilosofi.se\/index.php?rest_route=\/wp\/v2\/pages\/1274\/revisions\/1481"}],"wp:attachment":[{"href":"https:\/\/puderfilosofi.se\/index.php?rest_route=%2Fwp%2Fv2%2Fmedia&parent=1274"}],"curies":[{"name":"wp","href":"https:\/\/api.w.org\/{rel}","templated":true}]}}

<p>Jag utvecklar Objektspel som är en performativ akt med poesi, objekt och magiska inslag. Objektspelen utvecklas med platsrelaterad tematik inför en mindre publik. </p>



<p>Nedan en bild från min performance (ca 11 min) stående i ett badkar under händelsen Väggen som organiserades av Anna Nyberg och Annica Åberg i Stockholm den 22 mars 2025. </p>



<figure class="wp-block-image size-large"><img loading="lazy" decoding="async" width="771" height="1024" src="https://media.puderfilosofi.se/2025/03/Asa-Andersson-Objektspel-22-mars-2025-771x1024.jpeg" alt="" class="wp-image-1398" srcset="https://media.puderfilosofi.se/2025/03/Asa-Andersson-Objektspel-22-mars-2025-771x1024.jpeg 771w, https://media.puderfilosofi.se/2025/03/Asa-Andersson-Objektspel-22-mars-2025-226x300.jpeg 226w, https://media.puderfilosofi.se/2025/03/Asa-Andersson-Objektspel-22-mars-2025-113x150.jpeg 113w, https://media.puderfilosofi.se/2025/03/Asa-Andersson-Objektspel-22-mars-2025-768x1020.jpeg 768w, https://media.puderfilosofi.se/2025/03/Asa-Andersson-Objektspel-22-mars-2025-1157x1536.jpeg 1157w, https://media.puderfilosofi.se/2025/03/Asa-Andersson-Objektspel-22-mars-2025-1542x2048.jpeg 1542w, https://media.puderfilosofi.se/2025/03/Asa-Andersson-Objektspel-22-mars-2025-scaled.jpeg 1928w" sizes="auto, (max-width: 771px) 100vw, 771px" /></figure>



<p>Foto: Anna Nyberg.</p>

<p>Jag utvecklar Objektspel som är en performativ akt med poesi, objekt och magiska inslag. Objektspelen utvecklas med platsrelaterad tematik inför en mindre publik. Nedan en bild från min performance (ca 11 min) stående i ett badkar under händelsen Väggen som organiserades av Anna Nyberg och Annica Åberg i Stockholm den 22 mars 2025. Foto: Anna&#8230;</p>
